lculate the greatest common factor of 1052611 and 49.
7
What is the greatest common factor of 45632 and 115?
23
What is the highest common divisor of 1126465 and 15?
5
What is the highest common divisor of 3399064 and 258?
86
Calculate the highest common divisor of 11154 and 1122.
66
What is the highest common divisor of 34037 and 1348?
337
Calculate the highest common divisor of 652 and 122.
2
What is the greatest common divisor of 1752 and 1095?
219
Calculate the highest common divisor of 260096 and 9.
1
Calculate the greatest common factor of 30502 and 1616.
202
Calculate the greatest common divisor of 10045 and 9471.
287
Calculate the greatest common factor of 312 and 154986.
78
What is the greatest common divisor of 68 and 804049?
17
What is the highest common divisor of 11516 and 4?
4
Calculate the highest common factor of 5320 and 8680.
280
What is the greatest common divisor of 492129 and 297?
297
What is the greatest common divisor of 366 and 3939?
3
Calculate the highest common divisor of 392 and 2696.
8
What is the greatest common factor of 443592 and 7686?
1098
Calculate the greatest common factor of 40311 and 297.
27
Calculate the highest common factor of 680 and 58600.
40
What is the highest common divisor of 623 and 534?
89
What is the highest common divisor of 22 and 1986347?
11
What is the highest common divisor of 1258 and 10286?
74
Calculate the highest common factor of 8586 and 648.
162
Calculate the highest common divisor of 54 and 143478.
54
Calculate the greatest common factor of 1364 and 308.
44
What is the greatest common factor of 183 and 207?
3
What is the highest common factor of 14238 and 2403?
9
Calculate the highest common factor of 168 and 735252.
84
What is the greatest common divisor of 225 and 143595?
45
What is the highest common factor of 25009 and 2047?
89
Calculate the highest common divisor of 986 and 102.
34
Calculate the highest common factor of 3666 and 3406.
26
Calculate the highest common divisor of 468 and 17622.
18
Calculate the greatest common factor of 134031 and 3483.
129
Calculate the highest common divisor of 159 and 137217.
159
What is the highest common factor of 279454 and 56?
14
Calculate the highest common factor of 3365772 and 82.
82
What is the highest common divisor of 462035 and 14?
7
What is the greatest common factor of 12 and 69582?
6
Calculate the greatest common divisor of 166560 and 3648.
96
Calculate the greatest common factor of 53190 and 60.
30
Calculate the highest common factor of 11201 and 299.
23
What is the greatest common factor of 6775425 and 225?
225
Calculate the highest common factor of 1515505 and 1010.
505
Calculate the greatest common factor of 10 and 691930.
10
Calculate the greatest common divisor of 92 and 57376.
4
What is the greatest common factor of 445 and 167?
1
What is the greatest common divisor of 10416863 and 59?
59
Calculate the highest common factor of 456952 and 24.
8
What is the highest common factor of 161 and 39977?
7
Calculate the greatest common factor of 1133 and 12875.
103
What is the greatest common factor of 1043 and 165241?
149
What is the greatest common factor of 824418 and 27?
27
What is the highest common divisor of 688 and 1020304?
688
Calculate the highest common divisor of 63460 and 32.
4
Calculate the highest common factor of 1409610 and 570.
570
Calculate the highest common divisor of 696 and 605636.
116
What is the highest common factor of 99701 and 161?
7
What is the greatest common factor of 6840256 and 3264?
1088
What is the greatest common divisor of 248 and 403?
31
What is the greatest common factor of 181788 and 36?
12
Calculate the greatest common factor of 164854 and 43882.
1186
What is the greatest common divisor of 1679 and 8809?
23
Calculate the greatest common factor of 316 and 144412.
316
Calculate the highest common divisor of 24872 and 3688.
8
What is the highest common divisor of 205219 and 133?
133
What is the highest common divisor of 856 and 1355476?
428
What is the highest common divisor of 649350 and 125?
25
What is the highest common factor of 5025 and 150?
75
What is the greatest common factor of 854 and 671?
61
Calculate the highest common divisor of 32922 and 93456.
1062
What is the greatest common factor of 50408 and 4?
4
Calculate the highest common divisor of 1048 and 686.
2
Calculate the highest common divisor of 32472 and 14058.
198
What is the highest common divisor of 307070 and 5?
5
What is the highest common factor of 48006 and 7938?
378
What is the highest common divisor of 4528 and 192?
16
What is the highest common factor of 16 and 10982?
2
What is the greatest common divisor of 393 and 148554?
393
What is the greatest common divisor of 226304 and 32?
32
What is the greatest common divisor of 3757 and 16201?
17
What is the highest common factor of 1298 and 26786?
118
What is the highest common divisor of 84 and 1644?
12
Calculate the highest common divisor of 549 and 41419.
61
What is the greatest common factor of 2745785 and 105?
35
Calculate the greatest common factor of 670941 and 5715.
1143
What is the greatest common divisor of 5945 and 23165?
205
What is the highest common divisor of 22032 and 3078?
162
What is the highest common factor of 15960 and 518?
14
Calculate the greatest common factor of 1200 and 85776.
48
What is the greatest common divisor of 160895 and 14?
7
What is the greatest common divisor of 270 and 2616840?
270
Calculate the highest common divisor of 604 and 6275560.
604
Calculate the greatest common factor of 6384 and 480.
48
Calculate the greatest common divisor of 5416 and 772.
4
What is the greatest common factor of 59328 and 26784?
288
Calculate the greatest common divisor of 361 and 148922.
19
What is the highest common divisor of 1440 and 765?
45
Calculate the highest common divisor of 13545 and 2079.
63
Calculate the greatest common factor of 33294 and 558.
186
What is the highest common factor of 988 and 87628?
76
Calculate the highest common divisor of 43754 and 1336.
334
What is the greatest common divisor of 404 and 16059?
101
What is the highest common factor of 1594527 and 33?
33
What is the highest common divisor of 36860 and 1900?
380
Calculate the greatest common factor of 657 and 23798.
73
What is the greatest common factor of 8335 and 430?
5
What is the greatest common divisor of 8281 and 9971?
169
Calculate the highest common divisor of 37906 and 836.
22
Calculate the highest common divisor of 33 and 37059.
33
What is the highest common divisor of 36 and 91?
1
Calculate the greatest common divisor of 351 and 21216.
39
Calculate the greatest common factor of 6510 and 225120.
210
Calculate the highest common divisor of 12 and 10014.
6
What is the highest common divisor of 1932 and 420?
84
What is the highest common divisor of 9 and 123?
3
Calculate the greatest common factor of 95445 and 525.
105
What is the highest common factor of 24731 and 14?
7
Calculate the greatest common factor of 88208 and 100048.
592
What is the greatest common factor of 10 and 269105?
5
What is the greatest common divisor of 54 and 4096656?
54
Calculate the highest common factor of 658 and 283927.
329
What is the highest common factor of 24 and 150?
6
Calculate the highest common divisor of 6147 and 2160.
9
Calculate the greatest common divisor of 16884 and 20727.
63
Calculate the highest common factor of 31424 and 3712.
64
Calculate the greatest common divisor of 1116 and 608778.
558
Calculate the highest common divisor of 4709 and 187.
17
What is the greatest common factor of 12 and 6882396?
12
Calculate the greatest common divisor of 54626 and 374.
22
Calculate the greatest common factor of 4503 and 437.
19
What is the highest common divisor of 12702 and 7446?
438
What is the greatest common divisor of 32239 and 103?
103
Calculate the highest common divisor of 241792 and 128.
128
Calculate the greatest common factor of 940 and 4780.
20
Calculate the greatest common factor of 118048 and 910.
14
What is the greatest common divisor of 24790 and 37520?
670
What is the highest common divisor of 5254710 and 30?
30
Calculate the greatest common divisor of 65034 and 144.
18
Calculate the highest common factor of 516 and 54204.
12
What is the highest common divisor of 72 and